 2624004231?
4
What is the tens digit of 738200374?
7
What is the hundred thousands digit of 94836121?
8
What is the hundred thousands digit of 1464303463?
3
What is the tens digit of 249297766?
6
What is the ten millions digit of 888151516?
8
What is the hundred thousands digit of 441779246?
7
What is the units digit of 1927438470?
0
What is the ten millions digit of 271365362?
7
What is the hundreds digit of 512037778?
7
What is the hundred millions digit of 318217862?
3
What is the thousands digit of 140499965?
9
What is the units digit of 91089903?
3
What is the hundred millions digit of 125815482?
1
What is the ten thousands digit of 207128928?
2
What is the hundred millions digit of 213195674?
2
What is the tens digit of 175704225?
2
What is the units digit of 1901397922?
2
What is the tens digit of 3203935?
3
What is the units digit of 31350915?
5
What is the millions digit of 735632347?
5
What is the ten millions digit of 14022857?
1
What is the hundreds digit of 5124865131?
1
What is the hundred thousands digit of 375632?
3
What is the ten millions digit of 133914655?
3
What is the billions digit of 3889478280?
3
What is the ten millions digit of 24177304?
2
What is the billions digit of 2745651729?
2
What is the millions digit of 289188488?
9
What is the tens digit of 1014249369?
6
What is the hundred millions digit of 1506583971?
5
What is the hundreds digit of 199203451?
4
What is the millions digit of 41412826?
1
What is the millions digit of 647034869?
7
What is the millions digit of 7774358?
7
What is the ten thousands digit of 1060241172?
4
What is the hundreds digit of 7132520652?
6
What is the hundred thousands digit of 135719990?
7
What is the thousands digit of 1566369094?
9
What is the thousands digit of 118319569?
9
What is the ten millions digit of 84145779?
8
What is the hundred millions digit of 332845973?
3
What is the thousands digit of 43286409?
6
What is the ten thousands digit of 148786656?
8
What is the units digit of 50166792?
2
What is the hundred thousands digit of 260851580?
8
What is the ten millions digit of 82311837?
8
What is the ten thousands digit of 171701945?
0
What is the hundreds digit of 795173594?
5
What is the hundred millions digit of 437705519?
4
What is the ten thousands digit of 133241137?
4
What is the units digit of 1923872731?
1
What is the billions digit of 1601499589?
1
What is the units digit of 449409352?
2
What is the hundred millions digit of 3095268484?
0
What is the millions digit of 54431266?
4
What is the tens digit of 34501094?
9
What is the thousands digit of 522798852?
8
What is the hundred millions digit of 646137167?
6
What is the hundreds digit of 57555181?
1
What is the millions digit of 51616574?
1
What is the millions digit of 1223741?
1
What is the tens digit of 2581246100?
0
What is the units digit of 2483532?
2
What is the thousands digit of 174579433?
9
What is the ten millions digit of 210348551?
1
What is the ten thousands digit of 124147144?
4
What is the millions digit of 640742734?
0
What is the ten millions digit of 36233307?
3
What is the ten millions digit of 23798043?
2
What is the thousands digit of 32228894?
8
What is the hundred thousands digit of 38499203?
4
What is the millions digit of 1732589?
1
What is the millions digit of 601220604?
1
What is the ten millions digit of 48768769?
4
What is the millions digit of 2967791156?
7
What is the hundred thousands digit of 222096683?
0
What is the ten millions digit of 2707275013?
0
What is the units digit of 183383398?
8
What is the ten thousands digit of 1312357764?
5
What is the hundred millions digit of 682534746?
6
What is the hundred thousands digit of 693409545?
4
What is the tens digit of 498831373?
7
What is the hundreds digit of 826919607?
6
What is the millions digit of 44067350?
4
What is the ten millions digit of 1004865904?
0
What is the ten thousands digit of 141287966?
8
What is the ten thousands digit of 85977108?
7
What is the thousands digit of 210850363?
0
What is the tens digit of 915142251?
5
What is the ten millions digit of 13814461?
1
What is the units digit of 116482411?
1
What is the ten thousands digit of 64311959?
1
What is the units digit of 4833826256?
6
What is the millions digit of 464954591?
4
What is the ten millions digit of 1139639568?
3
What is the hundreds digit of 358498211?
2
What is the ten thousands digit of 107586271?
8
What is the hundred millions digit of 2675405461?
6
What is the hundreds digit of 3405735853?
8
What is the hundred thousands digit of 508256792?
2
What is the hundred millions digit of 939229995?
9
What is the tens digit of 28463723?
2
What is the tens digit of 39777554?
5
What is the hundred thousands digit of 90098789?
0
What is the hundred thousands digit of 202886508?
8
What is the ten thousands digit of 1455980804?
8
What is the hundred thousands digit of 810734366?
7
What is the ten millions digit of 2473333114?
7
What is the ten millions digit of 219987428?
1
What is the millions digit of 755614887?
5
What is the thousands digit of 61689196?
9
What is the hundred thousands digit of 2041102855?
1
What is the thousands digit of 1555917176?
7
What is the hundred thousands digit of 45849667?
8
What is the units digit of 629603528?
8
What is the tens digit of 1250795187?
8
What is the ten millions digit of 907430168?
0
What is the millions digit of 4597267266?
7
What is the hundred thousands digit of 2473906667?
9
What is the hundred millions digit of 7489383409?
4
What is the hundred millions digit of 120062874?
1
What is the ten millions digit of 1229528611?
2
What is the millions digit of 992452686?
2
What is the ten thousands digit of 56446827?
4
What is the ten millions digit of 2213031670?
1
What is the ten thousands digit of 624392241?
9
What is the thousands digit of 6841751?
1
What is the millions digit of 982682774?
2
What is the units digit of 280701802?
2
What is the tens digit of 11216224?
2
What is the hundreds digit of 165785774?
7
What is the billions digit of 1289085438?
1
What is the units digit of 4078344?
4
What is the thousands digit of 2583769782?
9
What is the hundreds digit of 116819659?
6
What is the ten thousands digit of 64992737?
9
What is the hundred thousands digit of 298552802?
5
What is the ten millions digit of 723408695?
2
What is the hundred thousands digit of 4163333384?
3
What is the hundred thousands digit of 3468902?
4
What is the hundred thousands digit of 113019858?
0
What is the millions digit of 4441315668?
1
What is the ten thousands digit of 780995209?
9
What is the tens digit of 88164900?
0
What is the hundreds digit of 95863089?
0
What is the tens digit of 795986350?
5
What is the units digit of 653082328?
8
What is the ten thousands digit of 44860348?
6
What is the hundreds digit of 3683840646?
6
What is the hundred thousands digit of 82421672?
4
What is the tens digit of 1615757408?
0
What is the ten thousands digit of 1853690749?
9
What is the thousands digit of 29951724?
1
What is the tens digit of 582713975?
7
What is the tens digit of 314542247?
4
What is the hundreds digit of 235201746?
7
What is the billions digit of 4719576706?
4
What is the hundred thousands digit of 33926648?
9
What is the ten thousands digit of 153728825?
2
What is the thousands digit of 514433221?
3
What is the hundreds digit of 211995945?
9
What is the hundred thousands digit of 297828850?
8
What is the tens digit of 733832211?
1
What is the thousands digit of 614727007?
7
What is the hundred thousands digit of 1051280879?
2
What is the thousands digit of 45628485?
8
What is the thousands digit of 217124083?
4
What is the units digit of 1654061179?
9
What is the ten millions digit of 334440934?
3
What is the tens digit of 86848126?
2
What is the hundred millions digit of 2890413867?
8
What is the thousands digit of 747342893?
2
What is the hundred thousands digit of 574285726?
2
What is the millions digit of 128112284?
8
What is the tens digit of 48974352?
5
What is the tens digit of 878998428?
2
What is the ten millions digit of 32123217?
3
What is the hundred thousands digit of 996353555?
3
What is the thousands digit of 216856202?
6
What is the millions digit of 97550058?
7
What is the hundred thousands digit of 1